prime factors of z.
2, 5
Let k be 9/(-90) - 7137/30. Let x = 640 + k. What are the prime factors of x?
2, 3, 67
Let x = 107007 + -69712. List the prime factors of x.
5, 7459
Suppose -5*r + 5*m = 5, 5*m = r - 0*m - 15. What are the prime factors of 3/r - (-2394)/15?
3, 53
Suppose -2*w - 3*y + 10322 = 0, -16*w + 14*w + 4*y + 10336 = 0. List the prime factors of w.
2, 1291
Let i = 84 - 81. Suppose -6*v = -i*v - 225. What are the prime factors of 15925/v + (-8)/6?
211
Let c(f) = 10757*f**2 - 51*f + 50. List the prime factors of c(1).
2, 2689
Let a = -308 - -266. Let n = 844 + a. List the prime factors of n.
2, 401
Let o(q) = -11*q + 4. Let s be o(-4). Suppose -12 = 2*b + s. Let n = b + 68. What are the prime factors of n?
2, 19
Suppose -3*k + 315 = 3*x, 4*k + 150 + 48 = 2*x. Let i be (-1107)/13 - 16/(-104). Let v = x + i. List the prime factors of v.
2, 3
Let u = -73 - -75. Suppose -u = -41*h + 42*h. What are the prime factors of 139 + h + -4 - (-1 + -2)?
2, 17
Suppose 114*i - 163985 = 109*i. List the prime factors of i.
32797
Let u(j) be the second derivative of j**6/4 - j**5/30 + j**3/6 - 13*j**2/2 - 6*j. Let i(q) be the first derivative of u(q). List the prime factors of i(1).
29
Suppose -23*i - 570 = 15*i. List the prime factors of (-11238)/i + (-16)/80.
7, 107
What are the prime factors of (-443)/(((-240)/496)/15)?
31, 443
Suppose s = 4*y + 4, y = -s + 4*y + 4. Suppose -s*t = -5*t + 17. Suppose -13*j - 572 = -t*j. What are the prime factors of j?
11, 13
Let j be (4/6)/((-3)/((-1314)/4)). Let x = j + -12. Let h = x - 50. List the prime factors of h.
11
Suppose -2*k - k - 48673 = -10*z, -3*k = 3*z - 14598. What are the prime factors of z?
31, 157
List the prime factors of (-16 - 3691198/(-434)) + (-4)/62.
13, 653
Suppose -4*t = 4*n - 5987 + 895, 5*n - 6357 = -t. What are the prime factors of n?
31, 41
Suppose -1242291 = -54*v + 151287. List the prime factors of v.
131, 197
What are the prime factors of 8 - 2 - (8 - -70888)/(-7)?
2, 3, 563
Let a(t) be the second derivative of -13*t**3/6 - 37*t**2/2 + 2*t. Suppose -3*o - 24 = 4*x, 13*o = 9*o. What are the prime factors of a(x)?
41
Let a(w) = -6 + 13 - 15 - 755*w. What are the prime factors of a(-1)?
3, 83
Suppose 0 = 12*j + 22*j + 14*j - 1190112. List the prime factors of j.
2, 7, 11, 23
Let u(p) = p**3 - 2*p**2 + p + 12. Let f be u(0). Let g(j) = 45*j - 105. What are the prime factors of g(f)?
3, 5, 29
Let z = -153 - 10. Let y = 235 - z. What are the prime factors of y?
2, 199
Let c(r) = -10*r**3 - 2*r**2 - 4*r - 25. Let m(v) = 7*v**3 + v**2 + 4*v + 25. Let n(u) = 2*c(u) + 3*m(u). What are the prime factors of n(9)?
709
Let h(y) be the third derivative of y**6/120 + 17*y**5/60 + 23*y**4/24 + 19*y**3/3 + 32*y**2. Let v be h(-16). What are the prime factors of (21 - 26)*v/5?
2, 37
Let u(j) = j**2 - 130*j - 108. List the prime factors of u(-48).
2, 3, 19, 37
Suppose -2*s = -4*h + 20504, 4*s + 88 = 64. What are the prime factors of h?
47, 109
Suppose 43*g = 52*g - 1665. Suppose -536 = -x + 2*u - g, 3*u - 1053 = -3*x. What are the prime factors of x?
3, 13
Let j be ((-792)/55)/(2/(-5)). List the prime factors of j*(-24)/15*(-90)/27.
2, 3
Let c = 41 + -38. Suppose -5*i = 5*d - 20, 5*i + 0*i + c*d = 12. Let u(y) = y + 128. What are the prime factors of u(i)?
2
Let i(f) = 264*f - 2361. What are the prime factors of i(24)?
3, 5, 53
Let s be (112/(-40))/(-7) - 16/(-10). Let q(g) = 24*g**2 - g + 7. Let l be q(s). Suppose 30*t = 29*t + l. List the prime factors of t.
101
Let l(f) = -24*f**3 - 23*f**2 + 21*f + 115. What are the prime factors of l(-10)?
5, 29, 149
Let j = -290 + 117. Let w = 459 + j. List the prime factors of w.
2, 11, 13
Let x(m) = 5*m**2 + 8*m - 11. Suppose 4*t - 5 = 7. What are the prime factors of x(t)?
2, 29
Suppose 4*c - 82411 = -7*y, 5*c - 2745 = -y + 9059. What are the prime factors of y?
3, 3923
Let i(m) = -21*m**3 - 4*m**2 - 11*m - 5. What are the prime factors of i(-4)?
1319
Suppose 5*q + 30 = 10, -189 = -3*a + 3*q. Let r = -55 + a. Let g(k) = 10*k + 7. List the prime factors of g(r).
47
Let d = -61 + 103. Let o = d + -37. Suppose 3*c = -o*a + 132, -3*c = 5*a - c - 133. List the prime factors of a.
3
Suppose 117*r - 775830 = -153741. List the prime factors of r.
13, 409
Let z be 0 - -4 - (10 - 4). List the prime factors of 6/(z - 4)*(1 - 292).
3, 97
Suppose -11*d - 15 = -16*d. Suppose -4*t = 4*c, 0*t + 16 = t - d*c. Suppose -2*q = 4*w - 44, -t*w + q = 2*q - 42. What are the prime factors of w?
2, 5
Let z = 20587 - 11593. List the prime factors of z.
2, 3, 1499
Let o(i) be the second derivative of 52*i**3 + 35*i**2/2 - 3*i + 1. List the prime factors of o(2).
659
Suppose 2*t - 17 = -45. Suppose 9 = 3*c - 18. Let x = c - t. What are the prime factors of x?
23
Let u be 0*((-18)/24)/((-9)/(-6)). Suppose -5*c - 1296 + 5606 = u. List the prime factors of c.
2, 431
Let s = -3322 - -7245. List the prime factors of s.
3923
Suppose 4*x - 4*q = -48, -6*x + 4*x + 5*q = 27. List the prime factors of 5*(11 - 2 - 4 - x).
2, 5
Let q be 27/(-54) - -3*101/(-2). Let i = q + 289. List the prime factors of i.
137
Let r(x) be the second derivative of -x**5/20 + x**4/6 + 13*x**2/2 - x + 27. List the prime factors of r(0).
13
Let w(l) = l**2 - 2*l - 51. Let c be w(-7). Suppose 4*b + c = 0, -5*y + 5*b = 12 - 1307. List the prime factors of y.
2
Let y = 1557 + 13076. What are the prime factors of y?
14633
Let h(l) = 4*l**2 + 9*l + 12. Let n be h(-4). What are the prime factors of (1696/n)/((-18)/10 + 2)?
2, 53
Let m(v) = -v**3 + 14*v**2 + v - 18. Let g be m(14). Let f be -3 - g - 3 - -79. Let z = f - 57. List the prime factors of z.
2, 5
Suppose -4*h = -j + 7292 - 108, 7*j = 2*h + 50288. List the prime factors of j.
2, 449
Let f = -59 + 65. Suppose -4*d + 6*d + f = 0. List the prime factors of 1 + d - (0 - 153).
151
Let s(f) = 10*f**2 + 4*f + 8. Let u = 69 + -72. Let t be s(u). Suppose -p = -32 - t. What are the prime factors of p?
2, 59
Suppose 45*h + 4890984 = 77*h + 115*h. What are the prime factors of h?
2, 4159
Suppose 3 = 8*d - 13. Suppose 4*g + d*q = 2*g + 370, -2*q = 0. What are the prime factors of 8/20*(0 + g)?
2, 37
Let t be (-312)/195*(-5)/2. Suppose -4*p = -p - 3*s - 2856, -2*p + t*s + 1900 = 0. List the prime factors of p.
2, 3, 53
Let k = -6510 + 32040. List the prime factors of k.
2, 3, 5, 23, 37
Let m = 20151 - 10850. List the prime factors of m.
71, 131
Let h = 48 + -12. Let r = 15530 - 15528. Suppose -r*v = 4*z - h, 4*v = -4*z + 3*z + 58. List the prime factors of v.
2, 7
Suppose 1365283 - 22138 - 197888 = 103*l. What are the prime factors of l?
11119
Suppose 0*c - 1 = c, 2*f - 1143 = 3*c. Suppose -p - i = -108, 11*i = 5*p + 10*i - f. What are the prime factors of p?
113
Suppose 2*i - 10592 = m, 23*i + 3*m - 26480 = 18*i. What are the prime factors of i?
2, 331
Suppose 0 = 2*y + 60 - 50. Let z(p) = -20*p - 12. Let f(a) = 60*a + 36. Let t(g) = y*f(g) - 16*z(g). What are the prime factors of t(6)?
2, 3, 11
Suppose 5*z = 8*z + 24. Let v(t) = 3*t**2 - 6*t + 5. Let c(j) = j**2 - 2*j + 2. Let o(q) = -8*c(q) + 3*v(q). List the prime factors of o(z).
79
Suppose w - 6 = -2*w. Let g = -2414 - -2604. Let b = w + g. List the prime factors of b.
2, 3
Let a(x) be the third derivative of x**6/60 - x**5/30 - x**4/3 + 2*x**3 + 103*x**2. What are the prime factors of a(4)?
2, 19
What are the prime factors of ((-53266)/8)/((-4407)/312 + 14)?
2, 26633
Let r be 3*343 - 6*8/12. Suppose 990*o - 985*o - r = 0. List the prime factors of o.
5, 41
Let x = 1328 - 752. Let c = x - 217. What are the prime factors of c?
359
List the prime factors of 2682/745*(-1 - 21386/(-6)).
2, 3, 1069
Suppose -139 = 8*m - 171. Suppose 0*o + m*o = 1404. List the prime factors of o.
3, 13
Let t be (-9)/(81/(-42))*3. Let n = -20 + t. List the prime factors of (-1104)/64*16/n.
2, 23
Suppose -3*g + 5*m + 1726 = 0, 4*g + 5*m - 2282 = 2*m. Let l = 885 - g. What are the prime factors of 15/9 + -2 - l/(-3)?
2, 13
Let y = -11756 - -32596. What are the prime factors of y?
2, 5, 521
Let c(a) = 3*a - 4. Let f be c(2). Suppose 2*r + 14 = -2*y, -y = y - f*r + 2. List the prime factors of (-2)/y - (-3)/2*47.
71
Suppose 19 = 2*u + 7. Suppose 2*r = -5*a + u*a + 1048, a = -4*r + 2084. List the prime factors of r.
2, 3, 29
Suppose 62 = 4*c + 26. S